. Let r = i - -7. What is the units digit of (-1)/3 + 30/r?
3
Suppose -6408 = 27*p - 70020. What is the thousands digit of p?
2
Let t = 114 + -64. Suppose 0 = 16*l - 11*l - t. What is the units digit of l?
0
Suppose 0 = -870*y + 838*y + 44736. What is the units digit of y?
8
Let i = 38 - 33. Suppose -x + 27 = x - 5*c, 2*x = -i*c - 23. What is the units digit of x?
1
Let z(d) = -174*d**3 + d**2 - 8*d - 14. What is the thousands digit of z(-2)?
1
What is the units digit of 2/4 - (-1555)/10?
6
Let l = 0 + 2. Let x = l + 46. What is the tens digit of x?
4
Let t(f) = f + 2. Let k be t(-1). Let s be k/(3*4/132). Suppose 3*y - 62 = -4*l, s = 3*y + 2*l - 53. What is the units digit of y?
2
Suppose 11 = -3*m - u, -u - 2*u - 9 = -3*m. What is the units digit of m/(-6)*(78 + -12)?
2
Let v be (2 + (-2)/6)*207. Suppose 0 = 4*y - 5*w - 18 - 347, 4*y - v = w. What is the tens digit of y?
8
Suppose 4*l = -4, 4*t + 0*l + 29 = 3*l. Suppose 5*x - x = 100. Let r = t + x. What is the tens digit of r?
1
What is the tens digit of (-8)/(-36) - (-1720)/36?
4
Let n(k) = -22*k - 35. What is the units digit of n(-53)?
1
Let d = 24 + -19. Let x(n) = n**3 + n**2 + 2*n + 1. Let c be x(d). Suppose -4*p + 5*t + c = 0, p + 5*t + 83 = 3*p. What is the units digit of p?
9
Suppose -4*t + 2507 = 3*s, 1 = -0*s + s. What is the tens digit of t?
2
Let w(l) = -14 - 41*l + 28*l + 19*l. What is the units digit of w(6)?
2
Suppose -4*j - 17 = -5*s, 0 = 2*s - 7*j + 2*j - 17. Let y be (s - -23)/(3/33). Suppose 5*m - y = 96. What is the tens digit of m?
7
Let p = -77 + 19. Let w be 1 + -3 - p/2. Suppose w - 107 = -5*k. What is the units digit of k?
6
What is the hundreds digit of (-94480)/(-120) - (-2)/(-6)?
7
Let x(s) = 114*s**2 + 57*s - 2. What is the thousands digit of x(4)?
2
Let w(p) = -p - 16*p**2 - 26*p**3 + 1 + 3*p**2 + 10*p**2. What is the tens digit of w(-1)?
2
Suppose -h - h + 406 = -y, -5*y - 2046 = -2*h. Let r = -223 - y. What is the units digit of r?
7
Let o(k) be the first derivative of k**3/3 - 4*k - 9. Suppose 0 = 4*i - 3 - 9. What is the units digit of o(i)?
5
Suppose 5*l + 4*s = 83, -5 = 3*s + 4. Let v = 11 + l. What is the tens digit of v?
3
Let z be 12/8*(-12)/(-9). Let p = z + 3. Let f(j) = -j**3 + 6*j**2 - 4*j + 6. What is the tens digit of f(p)?
1
Let y = 1534 + -567. What is the tens digit of y?
6
Let r = -27 - -33. Suppose p = -r*p + 1316. Suppose j + 3 = 5*u - p, -u - 4*j = -55. What is the units digit of u?
9
Let r = 53 - 21. Suppose -3*o + 4*u = -24, -3*o + 4*u + r = 2*o. Suppose m - 220 = -o*m. What is the units digit of m?
4
Suppose 2*b - 10 = -5*c, -7*b + 3*b + c - 2 = 0. Suppose q - r - 245 = b, r + 489 = 2*q - 2*r. What is the units digit of q?
6
Suppose 0 = 6*v - 4*v. Suppose -2*j - r + 0*r + 43 = v, 5*r + 70 = 5*j. Let a = j - 12. What is the units digit of a?
7
Let v = -47 + 256. What is the hundreds digit of v?
2
Let r = -45 - -65. Let x = r - 12. Let k = 4 + x. What is the units digit of k?
2
Let u = 3 + -2. What is the tens digit of u*(-145)/20*-4?
2
Suppose -4*u = -b + 408, 0*u - u + 1159 = 3*b. Let k = -129 + b. What is the tens digit of k?
5
Let i(q) = -3*q - 18. Let y = 40 + -48. What is the units digit of i(y)?
6
Let t(r) = -124*r - 211. What is the units digit of t(-21)?
3
Let t(o) = 5*o**2 + 7*o. Let n(w) = -9*w**2 - 13*w - 1. Let k(m) = -3*n(m) - 5*t(m). Let j be k(-7). Suppose -5*h + 82 + j = 0. What is the units digit of h?
1
Let j(y) = y**3 - 14*y**2 + 23*y + 16. Let h be j(12). Suppose h*x = x + 5*n + 415, 5*x + 4*n - 667 = 0. What is the units digit of x?
5
Let c = -118 - -133. What is the units digit of c?
5
Let z be 35/20 + 1/4. Let j be 12 + -8 + z*5. Suppose -4*h + j = -3*h. What is the tens digit of h?
1
Let w(d) = -d**3 - d**2 + 6*d. Let j be w(-3). What is the tens digit of (j/(-3))/(0 + 1) - -12?
1
Suppose 2 = 6*b - 4. What is the units digit of 2/(-9) - (893/(-9) + b)?
8
Let p(z) = 3*z + 13. Let u be p(-4). What is the tens digit of (1 + 90 - u) + -1?
8
Let y(j) = -j**3 - 20*j**2 - 2*j + 2. Let k be y(-20). Let r = k - -28. What is the units digit of r?
0
Let x(a) = -3*a**2 - 96*a - 1. What is the tens digit of x(-16)?
6
Let f = 3 + 7. Let u(w) = w**2 - 8*w - 12. Let i be u(f). Let a = i - -1. What is the units digit of a?
9
Let s be (-2)/((-3)/2 - -2). Let n be (1/(-2))/(s/(-360)). Let r = -24 - n. What is the units digit of r?
1
What is the hundreds digit of (-2)/(-4)*-14 + 1034?
0
Let r = 2664 + -1394. What is the hundreds digit of r?
2
Suppose -2*t + 10 = o + 2, -2*o = 3*t - 10. Suppose t*x = 3*x - 15. Let g = x + 22. What is the tens digit of g?
1
Suppose 0 = r + 1 - 6. Let i(u) = 0*u**2 + 5*u + u**2 + 4*u - r*u + 3. What is the units digit of i(-5)?
8
Let b(f) = f**3 - 3*f**2 + 4*f - 2. Let o = -11 - -13. Let t be b(o). Suppose -4*u - 15 - 5 = -m, t*m - u = 26. What is the units digit of m?
2
What is the thousands digit of -2 + (-110565)/(-28) + 1/4?
3
Let r = 57 + -30. Let k = -26 + r. What is the tens digit of k/(8/(-14))*-16?
2
Suppose 3*t = -3*r + 3585, 5*r = 7*t - 2*t + 6015. What is the thousands digit of r?
1
Let n be 21*(1 + (-6)/9). Suppose -n*w + 698 = -30. What is the hundreds digit of w?
1
Let s = 4709 + -2415. What is the thousands digit of s?
2
Suppose 2*i + b - 6*b - 29 = 0, 2*i = -5*b - 21. Let p(d) = 18*d**2 - d + 1. Let w be p(i). Suppose 0 = -3*x + 40 + w. What is the tens digit of x?
3
Suppose 0 = n - 603 + 175. What is the tens digit of n?
2
What is the tens digit of (-6 + -663)/((2 - 6) + 3)?
6
Suppose -32*u - 1158 = -34*u. Let t = -290 + u. What is the tens digit of t?
8
Suppose -12*i + 11*i = 4*j - 1337, 4*j - 1346 = 2*i. What is the tens digit of j?
3
What is the tens digit of (1883 - 0) + 351/117?
8
Let l(h) = 2*h**2 - 4*h + 33. What is the tens digit of l(4)?
4
Let l be (-2)/(-1) - (0 - -10). Let p = -5 - l. Suppose o = 5*o + 4*s - 84, -p*s = 4*o - 85. What is the tens digit of o?
2
Suppose s + 15 = -3*d, -5*s = 2*d + 15 + 8. Let j be 0/(d/4 - 1). Suppose j*m + 40 = 4*m. What is the tens digit of m?
1
Suppose -5*d + 4*d = -3, -2*j = d - 901. What is the hundreds digit of j?
4
Suppose 2*l + 12 = 5*p, 4*p - l + 2*l - 7 = 0. Suppose t + 70 = p*t. What is the units digit of t?
0
Suppose -2*h + 11 = m - 0, 4*m - h - 17 = 0. Suppose 0*s = m*s. Suppose 10*b - 5*b - 135 = s. What is the tens digit of b?
2
Let f be 1/(-2*4/(-16)). Let t be (26/f)/1 + 0. Suppose 22 = -12*a + t*a. What is the units digit of a?
2
Suppose -3*m + 16 = 4*u, 3*m = 3*u + 2*u + 61. Suppose 7*z = m + 331. What is the tens digit of z?
4
Let g be -4 + (-3 - -7) - -11. Suppose 0 = g*d - 110 - 1441. What is the units digit of d?
1
Suppose 0*m - m + 20 = -5*h, 2*h - 4 = -2*m. Let z(d) = 3 - 1 + 2*d - 11*d. What is the tens digit of z(h)?
2
What is the tens digit of 117/(-9)*-149 + -3?
3
Let k = -94 - -92. What is the hundreds digit of (0 - (-1 - k))/(10/(-2290))?
2
Let z be (-6)/(-21) + 960/(-28). Let l be 1074/22 + z/(-187). Suppose l = -3*d - 3*k + 184, 2*d - 3*k - 80 = 0. What is the tens digit of d?
4
Suppose -5*s = 212 - 72. Suppose -2*u - 4 = -0*u. Let b = u - s. What is the units digit of b?
6
Let u be (40/2)/(4 - 3). Suppose 4*k = -i - u, -i - 4*i = -4*k - 20. Let j(r) = -r**3 - 5*r**2 - r + 6. What is the units digit of j(k)?
1
Suppose -5*r - 4*j = 92, -39 = 3*r - 4*j - 3. Let s(a) = a + 26. What is the units digit of s(r)?
0
Let c = -8086 + 11337. What is the thousands digit of c?
3
Suppose 3*a - q - 49 = 0, -4*a = -q - 3*q - 68. Suppose 3*i = -v + 88, -v + 10 + a = i. What is the tens digit of i?
3
Let d(q) = q**3 - 9*q**2 + 10*q - 12. Let r be d(8). Suppose -12 = -r*v - 0, -2*s - 11 = -3*v. Let j(u) = 31*u**2 - 2*u - 1. What is the units digit of j(s)?
2
Let o(h) = 2*h**2 - 12*h + 1147. What is the tens digit of o(0)?
4
Suppose 0 = 2*p + p + 12. What is the units digit of p/18 + -2 + (-578)/(-9)?
2
Let n be 27/18*(1 - -1). Suppose -3*u + 723 = 3*p, -n*p + 345 = u + 102. Suppose 4*q - 4*c = u, 3*q + 0*c + 5*c = 212. What is the units digit of q?
4
Let h(q) = q**3 + 53*q**2 + 50*q - 157. What is the hundreds digit of h(-51)?
4
Let f = 1779 + -662. What is the tens digit of f?
1
Let n(q) = 86*q**2 + 16*q + 71. What is the hundreds digit of n(-4)?
3
Suppose -n + 4 = -1. Let f(r) = -1 + 16*r**3 + n*r + 1 - 2*r**2 - 4*r. What i